{"id":996,"date":"2020-06-19T09:32:11","date_gmt":"2020-06-19T12:32:11","guid":{"rendered":"https:\/\/ocomon.com.br\/site\/?page_id=996"},"modified":"2020-06-19T09:32:11","modified_gmt":"2020-06-19T12:32:11","slug":"manual-cadastro-componente-avulso","status":"publish","type":"page","link":"https:\/\/ocomon.com.br\/site\/manual-cadastro-componente-avulso\/","title":{"rendered":"Manual: Cadastro de componente avulso"},"content":{"rendered":"<div id=\"pl-996\"  class=\"panel-layout\" ><div id=\"pg-996-0\"  class=\"panel-grid panel-no-style\" ><div id=\"pgc-996-0-0\"  class=\"panel-grid-cell\" ><div id=\"panel-996-0-0-0\" class=\"widget_text so-panel widget widget_custom_html panel-first-child panel-last-child\" data-index=\"0\" ><div class=\"textwidget custom-html-widget\"><html>\n  <head>\n    <title>ocomonphp &raquo; cadastro-componente-avulso<\/title>\n    <link rel=\"stylesheet\" href=\"static\/style.css\" type=\"text\/css\" \/>\n    <meta http-equiv=\"Content-Type\" content=\"text\/html;charset=UTF-8\">\n  <\/head>\n  <body>\n    <div class=\"wiki\" id=\"content_view\" style=\"display: block;\">\n<strong>Cadastro de Componentes Avulsos<\/strong> (Invent\u00e1rio -&gt; Cadastrar -&gt; Componente avulso)<br \/>\n<br \/>\nUm componente avulso \u00e9 qualquer componente f\u00edsico e pass\u00edvel de identifica\u00e7\u00e3o \u00fanica que possa ser agregado a um equipamento.<br \/>\nEx: placa de rede, HD, leitor biom\u00e9trico, placa PLC, etc...<br \/>\n<br \/>\nNessa tela \u00e9 poss\u00edvel cadastrar componentes que j\u00e1 existem fisicamente (assim como o <a class=\"wiki_link\" href=\"..\/manual-cadastro-equipamento\">cadastro de equipamento<\/a>) em estoque ou agregados a algum equipamento.<br \/>\n<br \/>\n<img decoding=\"async\" src=\"..\/files\/cadastro-item-estoque.png\" alt=\"cadastro-item-estoque.png\" title=\"cadastro-item-estoque.png\" \/><br \/>\n<em>Tela de cadastro de itens avulsos - vers\u00e3o 2.0rc3<\/em><br \/>\n<br \/>\n<strong>01<\/strong> <em>-<\/em> Campo Tipo: aqui deve ser selecionado o tipo de componente a ser cadastrado. Caso o tipo desejado n\u00e3o exista ainda, basta cadastr\u00e1-lo em Admin -&gt; Invent\u00e1rio -&gt; Componentes<br \/>\n<br \/>\n<strong>02<\/strong> - Campo Modelo: campo para sele\u00e7\u00e3o do modelo do componente a ser cadastrado. Para cadastrar modelos, acesse atrav\u00e9s da tela de cadastro de equipamentos no bot\u00e3o &quot;Incluir Componente&quot; ou atrav\u00e9s da listagem geral de componentes avulsos no bot\u00e3o &quot;Incluir modelo de componente&quot;.<br \/>\n<br \/>\n<strong>03<\/strong> - N\u00famero de s\u00e9rie do componente.<br \/>\n<br \/>\n<strong>04<\/strong> - Local onde o componente est\u00e1 alocado. Para saber mais sobre locais, acesse a <a class=\"wiki_link\" href=\"..\/manual-locais\">p\u00e1gina sobre o assunto<\/a>.<br \/>\n<br \/>\n<strong>05<\/strong> - Unidade do componente. Entenda o funcionamento deste campo na <a class=\"wiki_link\" href=\"..\/manual-unidades\">p\u00e1gina sobre o assunto<\/a>.<br \/>\n<br \/>\n<strong>06<\/strong> - Etiqueta de identifica\u00e7\u00e3o do componente. Caso o componente possua alguma etiqueta com valor \u00fanico de identifica\u00e7\u00e3o.<br \/>\n<br \/>\n<strong>07<\/strong> - Part-Number do componente.<br \/>\n<br \/>\n<strong>08<\/strong> - Selecione aqui o fornecedor do componente. Para cadastrar fornecedores acesse o menu Admin -&gt; Invent\u00e1rio -&gt; Fornecedores.<br \/>\n<br \/>\n<strong>09<\/strong> - N\u00famero da nota fiscal de compra do componente. \u00datil para os casos de acionamento de garantia.<br \/>\n<br \/>\n<strong>10<\/strong> - Valor de compra do componente.<br \/>\n<br \/>\n<strong>11<\/strong> - Data de compra. O OcoMon se basear\u00e1 na data de compra e no tempo de garantia para calcular o per\u00edodo de garantia do componente.<br \/>\n<br \/>\n<strong>12<\/strong> - Tempo em meses. Selecione aqui o tempo de garantia do componente. O OcoMon utilizar\u00e1 em informa\u00e7\u00e3o juntamente com a data de compra para calcular o per\u00edodo de garantia do componente.<br \/>\n<br \/>\n<strong>13<\/strong> - Centro de Custo: Selecione o <a class=\"wiki_link\" href=\"..\/manual-centro-custo\">centro de custo<\/a> do componente.<br \/>\n<br \/>\n<strong>14<\/strong> - Selecione a situa\u00e7\u00e3o do equipamento quanto ao seu estado de conserva\u00e7\u00e3o. Para cadastrar situa\u00e7\u00f5es acesse o menu Admin -&gt; Invent\u00e1rio -&gt; Situa\u00e7\u00f5es.<br \/>\n<br \/>\n<strong>15<\/strong> - Coment\u00e1rio. Coloque aqui outras informa\u00e7\u00f5es relevantes.<br \/>\n<br \/>\n<u>Os campos a seguir s\u00e3o relacionados ao equipamento em que o componente est\u00e1 agregado.<\/u><br \/>\n<br \/>\n<strong>16<\/strong> - Unidade: \u00e9 a unidade do equipamento em que o componente est\u00e1 agregado.<br \/>\n<br \/>\n<strong>17<\/strong> - Etiqueta: \u00e9 a etiqueta de patrim\u00f4nio do equipamento em que o componente est\u00e1 agregado.\n    <\/div>\n  <br\/><a href=\"..\/manual\">&lt;&lt; Voltar para o \u00edndice do manual<\/a><\/body>\n<\/html><\/div><\/div><\/div><\/div><\/div>","protected":false},"excerpt":{"rendered":"<p>ocomonphp &raquo; cadastro-componente-avulso Cadastro de Componentes Avulsos (Invent\u00e1rio -&gt; Cadastrar -&gt; Componente avulso) Um componente avulso \u00e9 qualquer componente f\u00edsico [&hellip;]<\/p>\n","protected":false},"author":1,"featured_media":0,"parent":0,"menu_order":0,"comment_status":"closed","ping_status":"closed","template":"page-templates\/full-width.php","meta":{"_bbp_topic_count":0,"_bbp_reply_count":0,"_bbp_total_topic_count":0,"_bbp_total_reply_count":0,"_bbp_voice_count":0,"_bbp_anonymous_reply_count":0,"_bbp_topic_count_hidden":0,"_bbp_reply_count_hidden":0,"_bbp_forum_subforum_count":0,"footnotes":""},"class_list":["post-996","page","type-page","status-publish","hentry"],"_links":{"self":[{"href":"https:\/\/ocomon.com.br\/site\/wp-json\/wp\/v2\/pages\/996","targetHints":{"allow":["GET"]}}],"collection":[{"href":"https:\/\/ocomon.com.br\/site\/wp-json\/wp\/v2\/pages"}],"about":[{"href":"https:\/\/ocomon.com.br\/site\/wp-json\/wp\/v2\/types\/page"}],"author":[{"embeddable":true,"href":"https:\/\/ocomon.com.br\/site\/wp-json\/wp\/v2\/users\/1"}],"replies":[{"embeddable":true,"href":"https:\/\/ocomon.com.br\/site\/wp-json\/wp\/v2\/comments?post=996"}],"version-history":[{"count":2,"href":"https:\/\/ocomon.com.br\/site\/wp-json\/wp\/v2\/pages\/996\/revisions"}],"predecessor-version":[{"id":998,"href":"https:\/\/ocomon.com.br\/site\/wp-json\/wp\/v2\/pages\/996\/revisions\/998"}],"wp:attachment":[{"href":"https:\/\/ocomon.com.br\/site\/wp-json\/wp\/v2\/media?parent=996"}],"curies":[{"name":"wp","href":"https:\/\/api.w.org\/{rel}","templated":true}]}}