{"id":990,"date":"2020-06-19T09:28:46","date_gmt":"2020-06-19T12:28:46","guid":{"rendered":"https:\/\/ocomon.com.br\/site\/?page_id=990"},"modified":"2020-06-19T09:28:47","modified_gmt":"2020-06-19T12:28:47","slug":"manual-equipamento-detalhes","status":"publish","type":"page","link":"https:\/\/ocomon.com.br\/site\/manual-equipamento-detalhes\/","title":{"rendered":"Manual: Equipamento: Detalhes"},"content":{"rendered":"<div id=\"pl-990\"  class=\"panel-layout\" ><div id=\"pg-990-0\"  class=\"panel-grid panel-no-style\" ><div id=\"pgc-990-0-0\"  class=\"panel-grid-cell\" ><div id=\"panel-990-0-0-0\" class=\"widget_text so-panel widget widget_custom_html panel-first-child panel-last-child\" data-index=\"0\" ><div class=\"textwidget custom-html-widget\"><html>\n  <head>\n    <title>ocomonphp &raquo; equipamento-detalhes<\/title>\n    <link rel=\"stylesheet\" href=\"static\/style.css\" type=\"text\/css\" \/>\n    <meta http-equiv=\"Content-Type\" content=\"text\/html;charset=UTF-8\">\n  <\/head>\n  <body>\n    <div class=\"wiki\" id=\"content_view\" style=\"display: block;\">\n<strong>Detalhamento das informa\u00e7\u00f5es dos equipamentos<\/strong><br \/>\n<br \/>\nA tela a seguir exibe as informa\u00e7\u00f5es detalhadas de um equipamento cadastrado no sistema.<br \/>\n<br \/>\n<img decoding=\"async\" src=\"..\/files\/detalhes-equipamento-full.png\" alt=\"detalhes-equipamento-full.png\" title=\"detalhes-equipamento-full.png\" \/><br \/>\n<em>Tela com as informa\u00e7\u00f5es detalhadas de um equipamento - vers\u00e3o 2.0rc3<\/em><br \/>\n<br \/>\n<u>Entendendo todas as fun\u00e7\u00f5es acess\u00edveis a partir da tela de detalhes<\/u>:<br \/>\n<br \/>\n<strong>01<\/strong> - Ocorr\u00eancias: Toda vez que um <a class=\"wiki_link\" href=\"..\/manual-abertura-chamados\">chamado \u00e9 aberto<\/a> no sistema o mesmo \u00e9 vinculado a um equipamento. Ao clicar no link Ocorr\u00eancias ser\u00e1 exibida a listagem de ocorr\u00eancias\/chamados vinculados ao equipamento.<br \/>\n<br \/>\n<strong>02<\/strong> - Softwares: acesso r\u00e1pido \u00e0 listagem de softwares vinculados ao equipamento.<br \/>\n<br \/>\n<strong>03<\/strong> - Hist\u00f3rico de altera\u00e7\u00f5es de componentes. Toda vez que as informa\u00e7\u00f5es de hardware do equipamento s\u00e3o alteradas \u00e9 gravado um registro sobre a altera\u00e7\u00e3o realizada. Atrav\u00e9s desse link \u00e9 poss\u00edvel visualizar todas as altera\u00e7\u00f5es de hardware do mesmo.<br \/>\n<br \/>\n<strong>04<\/strong> - Locais: toda a vez que \u00e9 alterada a localiza\u00e7\u00e3o de um equipamento no sistema, o mesmo grava um registro de hist\u00f3rico, dessa forma \u00e9 poss\u00edvel visualizar todo o hist\u00f3rico de locais\/setores por onde o equipamento passou.<br \/>\n<br \/>\n<strong>05<\/strong> - Garantia: ao clicar nessa op\u00e7\u00e3o ser\u00e3o exibidas as informa\u00e7\u00f5es referente \u00e0 garantia do equipamento.<br \/>\n<br \/>\n<img decoding=\"async\" src=\"..\/files\/garantia-info.png\" alt=\"garantia-info.png\" title=\"garantia-info.png\" \/><br \/>\n<em>Tela exibindo as informa\u00e7\u00f5es sobre a garantia do equipamento - vers\u00e3o 2.0rc3<\/em><br \/>\n<br \/>\n<strong>06<\/strong> - Docs: o OcoMon possui um cadastro simplificado para cataloga\u00e7\u00e3o de documentos diversos como livros, manuais, m\u00eddias, etc.. Ao cadastrar um documento \u00e9 poss\u00edvel associ\u00e1-lo a um modelo de equipamento. A op\u00e7\u00e3o &quot;Docs&quot; lista todos os documentos vinculados ao modelo do equipamento exibido.<br \/>\n<br \/>\n<strong>07<\/strong> - Alterar dados: op\u00e7\u00e3o para edi\u00e7\u00e3o das informa\u00e7\u00f5es do registro.<br \/>\n<br \/>\n<strong>08 a 36<\/strong> - Informa\u00e7\u00f5es diversas sobre o equipamento. Para um melhor entendimento dessas informa\u00e7\u00f5es, acesso a p\u00e1gina referente ao <a class=\"wiki_link\" href=\"..\/manual-cadastro-equipamento\">cadastramento de equipamentos<\/a>.<br \/>\n<br \/>\nPraticamente todas as informa\u00e7\u00f5es de configura\u00e7\u00e3o do equipamento servem como filtros para a listagem de equipamentos similares. Basta clicar em qualquer uma das informa\u00e7\u00f5es para ser redirecionado \u00e0 <a class=\"wiki_link\" href=\"..\/manual-visualizar-equipamentos\">listagem<\/a> correspondente.<br \/>\n<br \/>\n<strong>Componentes avulsos<\/strong>: nessa \u00e1rea s\u00e3o exibidos todos os <a class=\"wiki_link\" href=\"..\/manual-cadastro-componente-avulso\">componentes avulsos<\/a> agregados ao equipamento. Basta clicar no n\u00famero de s\u00e9rie para ter acesso aos detalhes do componente correspondente.<br \/>\n<br \/>\n<strong>Imagens associadas:<\/strong> aqui s\u00e3o exibidas todas as imagens com algum tipo de v\u00ednculo com o equipamento<strong>.<br \/>\n37<\/strong> - <u>Imagens do modelo<\/u><strong>:<\/strong> ao cadastrar um modelo de equipamento \u00e9 permitido adicionar imagens ao mesmo. Aqui s\u00e3o exibidas todas as imagens que foram associadas ao modelo do equipamento visualizado.<br \/>\n<br \/>\n<strong>38 -<\/strong> <u>Imagens de ocorr\u00eancias<\/u>: aqui s\u00e3o exibidas todas imagens vinculadas \u00e0s ocorr\u00eancias relacionadas ao equipamento visualizado. Para ter acesso aos detalhes de cada ocorr\u00eancia basta clicar no seu respectivo n\u00famero.\n    <\/div>\n  <br\/><a href=\"..\/manual\">&lt;&lt; Voltar para o \u00edndice do manual<\/a><\/body>\n<\/html><\/div><\/div><\/div><\/div><\/div>","protected":false},"excerpt":{"rendered":"<p>ocomonphp &raquo; equipamento-detalhes Detalhamento das informa\u00e7\u00f5es dos equipamentos A tela a seguir exibe as informa\u00e7\u00f5es detalhadas de um equipamento cadastrado [&hellip;]<\/p>\n","protected":false},"author":1,"featured_media":0,"parent":0,"menu_order":0,"comment_status":"closed","ping_status":"closed","template":"page-templates\/full-width.php","meta":{"_bbp_topic_count":0,"_bbp_reply_count":0,"_bbp_total_topic_count":0,"_bbp_total_reply_count":0,"_bbp_voice_count":0,"_bbp_anonymous_reply_count":0,"_bbp_topic_count_hidden":0,"_bbp_reply_count_hidden":0,"_bbp_forum_subforum_count":0,"footnotes":""},"class_list":["post-990","page","type-page","status-publish","hentry"],"_links":{"self":[{"href":"https:\/\/ocomon.com.br\/site\/wp-json\/wp\/v2\/pages\/990","targetHints":{"allow":["GET"]}}],"collection":[{"href":"https:\/\/ocomon.com.br\/site\/wp-json\/wp\/v2\/pages"}],"about":[{"href":"https:\/\/ocomon.com.br\/site\/wp-json\/wp\/v2\/types\/page"}],"author":[{"embeddable":true,"href":"https:\/\/ocomon.com.br\/site\/wp-json\/wp\/v2\/users\/1"}],"replies":[{"embeddable":true,"href":"https:\/\/ocomon.com.br\/site\/wp-json\/wp\/v2\/comments?post=990"}],"version-history":[{"count":2,"href":"https:\/\/ocomon.com.br\/site\/wp-json\/wp\/v2\/pages\/990\/revisions"}],"predecessor-version":[{"id":992,"href":"https:\/\/ocomon.com.br\/site\/wp-json\/wp\/v2\/pages\/990\/revisions\/992"}],"wp:attachment":[{"href":"https:\/\/ocomon.com.br\/site\/wp-json\/wp\/v2\/media?parent=990"}],"curies":[{"name":"wp","href":"https:\/\/api.w.org\/{rel}","templated":true}]}}