{"id":975,"date":"2020-06-19T09:20:46","date_gmt":"2020-06-19T12:20:46","guid":{"rendered":"https:\/\/ocomon.com.br\/site\/?page_id=975"},"modified":"2020-06-19T09:20:46","modified_gmt":"2020-06-19T12:20:46","slug":"manual-emprestimos","status":"publish","type":"page","link":"https:\/\/ocomon.com.br\/site\/manual-emprestimos\/","title":{"rendered":"Manual: Empr\u00e9stimos"},"content":{"rendered":"<div id=\"pl-975\"  class=\"panel-layout\" ><div id=\"pg-975-0\"  class=\"panel-grid panel-no-style\" ><div id=\"pgc-975-0-0\"  class=\"panel-grid-cell\" ><div id=\"panel-975-0-0-0\" class=\"widget_text so-panel widget widget_custom_html panel-first-child panel-last-child\" data-index=\"0\" ><div class=\"textwidget custom-html-widget\"><html>\n  <head>\n    <title>ocomonphp &raquo; emprestimos<\/title>\n    <link rel=\"stylesheet\" href=\"static\/style.css\" type=\"text\/css\" \/>\n    <meta http-equiv=\"Content-Type\" content=\"text\/html;charset=UTF-8\">\n  <\/head>\n  <body>\n    <div class=\"wiki\" id=\"content_view\" style=\"display: block;\">\n<strong>Empr\u00e9stimos<\/strong> (Ocorr\u00eancias -&gt; Empr\u00e9stimos)<br \/>\n<br \/>\nO OcoMon oferece um controle simples de empr\u00e9stimos de materiais. Esse controle \u00e9 \u00fatil para situa\u00e7\u00f5es onde algum membro da equipe empresta (cede temporariamente) algum material de uso da equipe (algum CD, Manual, etc..) \u00e0 outra equipe ou departamento da organiza\u00e7\u00e3o. Dessa forma o empr\u00e9stimo fica documentado no sistema, evitando situa\u00e7\u00f5es de &quot;esquecimento&quot;.<br \/>\n<br \/>\nO sistema exibe uma notifica\u00e7\u00e3o na <a class=\"wiki_link\" href=\"..\/manual-oco-main-screen\">tela principal de ocorr\u00eancias<\/a> sobre os empr\u00e9stimos vinculados ao operador logado no sistema.\n    <\/div>\n  <br\/><a href=\"..\/manual\">&lt;&lt; Voltar para o \u00edndice do manual<\/a><\/body>\n<\/html><\/div><\/div><\/div><\/div><\/div>","protected":false},"excerpt":{"rendered":"<p>ocomonphp &raquo; emprestimos Empr\u00e9stimos (Ocorr\u00eancias -&gt; Empr\u00e9stimos) O OcoMon oferece um controle simples de empr\u00e9stimos de materiais. Esse controle \u00e9 [&hellip;]<\/p>\n","protected":false},"author":1,"featured_media":0,"parent":0,"menu_order":0,"comment_status":"closed","ping_status":"closed","template":"page-templates\/full-width.php","meta":{"_bbp_topic_count":0,"_bbp_reply_count":0,"_bbp_total_topic_count":0,"_bbp_total_reply_count":0,"_bbp_voice_count":0,"_bbp_anonymous_reply_count":0,"_bbp_topic_count_hidden":0,"_bbp_reply_count_hidden":0,"_bbp_forum_subforum_count":0,"footnotes":""},"class_list":["post-975","page","type-page","status-publish","hentry"],"_links":{"self":[{"href":"https:\/\/ocomon.com.br\/site\/wp-json\/wp\/v2\/pages\/975","targetHints":{"allow":["GET"]}}],"collection":[{"href":"https:\/\/ocomon.com.br\/site\/wp-json\/wp\/v2\/pages"}],"about":[{"href":"https:\/\/ocomon.com.br\/site\/wp-json\/wp\/v2\/types\/page"}],"author":[{"embeddable":true,"href":"https:\/\/ocomon.com.br\/site\/wp-json\/wp\/v2\/users\/1"}],"replies":[{"embeddable":true,"href":"https:\/\/ocomon.com.br\/site\/wp-json\/wp\/v2\/comments?post=975"}],"version-history":[{"count":2,"href":"https:\/\/ocomon.com.br\/site\/wp-json\/wp\/v2\/pages\/975\/revisions"}],"predecessor-version":[{"id":977,"href":"https:\/\/ocomon.com.br\/site\/wp-json\/wp\/v2\/pages\/975\/revisions\/977"}],"wp:attachment":[{"href":"https:\/\/ocomon.com.br\/site\/wp-json\/wp\/v2\/media?parent=975"}],"curies":[{"name":"wp","href":"https:\/\/api.w.org\/{rel}","templated":true}]}}