{"id":690,"date":"2016-09-30T09:34:23","date_gmt":"2016-09-30T12:34:23","guid":{"rendered":"http:\/\/localhost\/flash-new\/?page_id=4"},"modified":"2023-04-14T08:38:48","modified_gmt":"2023-04-14T11:38:48","slug":"home","status":"publish","type":"page","link":"https:\/\/ocomon.com.br\/site\/","title":{"rendered":"Home"},"content":{"rendered":"<div id=\"pl-690\"  class=\"panel-layout\" ><div id=\"pg-690-0\"  class=\"panel-grid panel-has-style\" ><div class=\"siteorigin-panels-stretch panel-row-style panel-row-style-for-690-0\" data-stretch-type=\"full-stretched\" ><div id=\"pgc-690-0-0\"  class=\"panel-grid-cell\" ><div id=\"panel-690-0-0-0\" class=\"so-panel widget widget_themegrill_flash_slider tg-section tg-slider-widget panel-first-child panel-last-child\" data-index=\"0\" ><div class=\"tg-slider-widget slider-dark slider-content-center slider-control-center full-width\">\n\t<div class=\"swiper-container\">\n\t\t<div class=\"swiper-wrapper\">\n\t\t\t\n\t\t\t\t\t<div class=\"swiper-slide\">\n\t\t\t\t\t\t<figure class=\"slider-image\" >\n\t\t\t\t\t\t\t<img width=\"2560\" height=\"1222\"\t\t\t\t\t\t\t\t\tsrc=\"https:\/\/ocomon.com.br\/site\/wp-content\/uploads\/2020\/06\/suporte-main-recorte-1-scaled-e1592496360789.jpg\"\n\t\t\t\t\t\t\t\t\talt=\"O MELHOR OCOMON DE TODOS OS TEMPOS\"\n\t\t\t\t\t\t\t\t\ttitle=\"O MELHOR OCOMON DE TODOS OS TEMPOS\"\/>\n\t\t\t\t\t\t\t<div class=\"overlay\"><\/div>\n\t\t\t\t\t\t<\/figure>\n\t\t\t\t\t\t<div class=\"slider-content\">\n\t\t\t\t\t\t\t<div class=\"tg-container\">\n\t\t\t\t\t\t\t\t<div class=\"caption-title\">O MELHOR OCOMON DE TODOS OS TEMPOS<\/div>\n\t\t\t\t\t\t\t\t<div class=\"caption-desc\">Sistema completo para gest\u00e3o de demandas de suporte t\u00e9cnico e ativos de Invent\u00e1rio<\/div>\n\t\t\t\t\t\t\t\t\t\t\t\t\t\t\t\t\t<div class=\"btn-wrapper\">\n\t\t\t\t\t\t\t\t\t\t<a href=\"https:\/\/ocomon.com.br\/site\/downloads\">DOWNLOAD<\/a>\n\t\t\t\t\t\t\t\t\t<\/div>\n\t\t\t\t\t\t\t\t\t\t\t\t\t\t\t<\/div>\n\t\t\t\t\t\t<\/div>\n\t\t\t\t\t<\/div>\n\n\t\t\t\t\n\t\t\t\t\t<div class=\"swiper-slide\">\n\t\t\t\t\t\t<figure class=\"slider-image\" >\n\t\t\t\t\t\t\t<img width=\"2560\" height=\"1222\"\t\t\t\t\t\t\t\t\tsrc=\"https:\/\/ocomon.com.br\/site\/wp-content\/uploads\/2020\/06\/teclado-cafe-recorte-1-scaled-e1592496117531.jpg\"\n\t\t\t\t\t\t\t\t\talt=\"SINTA-SE LIVRE PARA IMPLEMENTAR, IMPLANTAR E GERIR SUAS DEMANDAS\"\n\t\t\t\t\t\t\t\t\ttitle=\"SINTA-SE LIVRE PARA IMPLEMENTAR, IMPLANTAR E GERIR SUAS DEMANDAS\"\/>\n\t\t\t\t\t\t\t<div class=\"overlay\"><\/div>\n\t\t\t\t\t\t<\/figure>\n\t\t\t\t\t\t<div class=\"slider-content\">\n\t\t\t\t\t\t\t<div class=\"tg-container\">\n\t\t\t\t\t\t\t\t<div class=\"caption-title\">SINTA-SE LIVRE PARA IMPLEMENTAR, IMPLANTAR E GERIR SUAS DEMANDAS<\/div>\n\t\t\t\t\t\t\t\t<div class=\"caption-desc\">O OcoMon \u00e9 um sistema livre de c\u00f3digo aberto que tem suas funcionalidades inspiradas no dia-a-dia de \u00e1reas de suporte t\u00e9cnico<\/div>\n\t\t\t\t\t\t\t\t\t\t\t\t\t\t\t\t\t<div class=\"btn-wrapper\">\n\t\t\t\t\t\t\t\t\t\t<a href=\"https:\/\/ocomon.com.br\/site\/downloads\">DOWNLOAD<\/a>\n\t\t\t\t\t\t\t\t\t<\/div>\n\t\t\t\t\t\t\t\t\t\t\t\t\t\t\t<\/div>\n\t\t\t\t\t\t<\/div>\n\t\t\t\t\t<\/div>\n\n\t\t\t\t\t\t<\/div>\n\t\t<div class=\"swiper-pagination\"><\/div>\n\t\t<div class=\"slider-arrow\">\n\t\t\t<div class=\"swiper-button-next\"><\/div>\n\t\t\t<div class=\"swiper-button-prev\"><\/div>\n\t\t<\/div>\n\t<\/div>\n<\/div>\n<\/div><\/div><\/div><\/div><div id=\"pg-690-1\"  class=\"panel-grid panel-has-style\" ><div id=\"services\" class=\"panel-row-style panel-row-style-for-690-1\" ><div id=\"pgc-690-1-0\"  class=\"panel-grid-cell\" ><div id=\"panel-690-1-0-0\" class=\"so-panel widget widget_siteorigin-panels-builder panel-first-child panel-last-child\" data-index=\"1\" ><div class=\"panel-widget-style panel-widget-style-for-690-1-0-0\" ><div id=\"pl-w643833b9e4e66\"  class=\"panel-layout\" ><div id=\"pg-w643833b9e4e66-0\"  class=\"panel-grid panel-no-style\" ><div id=\"pgc-w643833b9e4e66-0-0\"  class=\"panel-grid-cell\" ><div id=\"panel-w643833b9e4e66-0-0-0\" class=\"so-panel widget widget_themegrill_flash_heading tg-widget section-title-wrapper panel-first-child panel-last-child\" data-index=\"0\" >\t<h3 class=\"section-title\">GERENCIE SEU SUPORTE<\/h3>\n<\/div><\/div><\/div><div id=\"pg-w643833b9e4e66-1\"  class=\"panel-grid panel-has-style\" ><div class=\"panel-row-style panel-row-style-for-w643833b9e4e66-1\" ><div id=\"pgc-w643833b9e4e66-1-0\"  class=\"panel-grid-cell\" ><div id=\"panel-w643833b9e4e66-1-0-0\" class=\"so-panel widget widget_themegrill_flash_service tg-widget tg-single-service panel-first-child panel-last-child\" data-index=\"1\" >\n<div class=\"tg-service-widget tg-service-layout-2\">\n\t<div class=\"service-wrapper\">\n\t\t<div class=\"service-icon-title-wrapper clearfix\">\n\t\t\t\t\t\t<div class=\"service-icon-wrap\"><i class=\"fa fa-trophy\"><\/i><\/div>\n\t\t\t\t\t\t\t\t\t\t\t\t<h3 class=\"service-title-wrap\">\n\t\t\t\t\t\t\t\t<a href=\"https:\/\/ocomon.com.br\/site\/o-ocomon\">\n\t\t\t\tSOFTWARE BRASILEIRO\t\t\t\t\t\t\t\t<\/a>\n\t\t\t\t\t\t\t<\/h3>\n\t\t\t\t\t<\/div>\n\t\t\t\t<div class=\"service-content-wrap\">O OcoMon nasceu em meados de 2003 como um projeto pessoal e se tornou uma incr\u00edvel ferramenta para controle de \u00e1reas de suporte t\u00e9cnico. Utilizado em centenas de empresas por todo o territ\u00f3rio nacional.<\/div>\n\t\t\t\t\t\t<a class=\"service-more\" href=\"https:\/\/ocomon.com.br\/site\/o-ocomon\">LEIA MAIS<\/a>\n\t\t\t<\/div>\n<\/div>\n<\/div><\/div><div id=\"pgc-w643833b9e4e66-1-1\"  class=\"panel-grid-cell\" ><div id=\"panel-w643833b9e4e66-1-1-0\" class=\"so-panel widget widget_themegrill_flash_service tg-widget tg-single-service panel-first-child panel-last-child\" data-index=\"2\" >\n<div class=\"tg-service-widget tg-service-layout-2\">\n\t<div class=\"service-wrapper\">\n\t\t<div class=\"service-icon-title-wrapper clearfix\">\n\t\t\t\t\t\t<div class=\"service-icon-wrap\"><i class=\"fa fa-list\"><\/i><\/div>\n\t\t\t\t\t\t\t\t\t\t\t\t<h3 class=\"service-title-wrap\">\n\t\t\t\t\t\t\t\t<a href=\"https:\/\/ocomon.com.br\/site\/o-ocomon\/#ocorrencias\">\n\t\t\t\tOCORR\u00caNCIAS\t\t\t\t\t\t\t\t<\/a>\n\t\t\t\t\t\t\t<\/h3>\n\t\t\t\t\t<\/div>\n\t\t\t\t<div class=\"service-content-wrap\">Gerenciamento completo de chamados de uma maneira f\u00e1cil e descomplicada. Inspirado no dia-a-dia de demandas de suporte t\u00e9cnico, oferece um \u00f3timo controle operacional e gerencial das atividades relacionadas.<\/div>\n\t\t\t\t\t\t<a class=\"service-more\" href=\"https:\/\/ocomon.com.br\/site\/o-ocomon\/#ocorrencias\">LEIA MAIS<\/a>\n\t\t\t<\/div>\n<\/div>\n<\/div><\/div><div id=\"pgc-w643833b9e4e66-1-2\"  class=\"panel-grid-cell\" ><div id=\"panel-w643833b9e4e66-1-2-0\" class=\"so-panel widget widget_themegrill_flash_service tg-widget tg-single-service panel-first-child panel-last-child\" data-index=\"3\" >\n<div class=\"tg-service-widget tg-service-layout-2\">\n\t<div class=\"service-wrapper\">\n\t\t<div class=\"service-icon-title-wrapper clearfix\">\n\t\t\t\t\t\t<div class=\"service-icon-wrap\"><i class=\"fa fa-laptop\"><\/i><\/div>\n\t\t\t\t\t\t\t\t\t\t\t\t<h3 class=\"service-title-wrap\">\n\t\t\t\t\t\t\t\t<a href=\"https:\/\/ocomon.com.br\/site\/o-ocomon\/#inventario\">\n\t\t\t\tINVENT\u00c1RIO\t\t\t\t\t\t\t\t<\/a>\n\t\t\t\t\t\t\t<\/h3>\n\t\t\t\t\t<\/div>\n\t\t\t\t<div class=\"service-content-wrap\">Tenha seu parque de equipamentos Integrado ao sistema de ocorr\u00eancias, tendo acesso r\u00e1pido ao hist\u00f3rico de chamados, troca de pe\u00e7as e de movimenta\u00e7\u00e3o dos equipamentos dentro da organiza\u00e7\u00e3o.<\/div>\n\t\t\t\t\t\t<a class=\"service-more\" href=\"https:\/\/ocomon.com.br\/site\/o-ocomon\/#inventario\">LEIA MAIS<\/a>\n\t\t\t<\/div>\n<\/div>\n<\/div><\/div><\/div><\/div><\/div><\/div><\/div><\/div><\/div><\/div><div id=\"pg-690-2\"  class=\"panel-grid panel-no-style\" ><div id=\"pgc-690-2-0\"  class=\"panel-grid-cell\" ><div id=\"panel-690-2-0-0\" class=\"so-panel widget widget_themegrill_flash_heading tg-widget section-title-wrapper panel-first-child\" data-index=\"2\" >\t<h3 class=\"section-title\">Principais Destaques<\/h3>\n<\/div><div id=\"panel-690-2-0-1\" class=\"so-panel widget widget_siteorigin-panels-builder panel-last-child\" data-index=\"3\" ><div class=\"panel-widget-style panel-widget-style-for-690-2-0-1\" ><div id=\"pl-w64393b4829e93\"  class=\"panel-layout\" ><div id=\"pg-w64393b4829e93-0\"  class=\"panel-grid panel-no-style\" ><div id=\"pgc-w64393b4829e93-0-0\"  class=\"panel-grid-cell\" ><div id=\"panel-w64393b4829e93-0-0-0\" class=\"widget_text so-panel widget widget_custom_html panel-first-child panel-last-child\" data-index=\"0\" ><div class=\"textwidget custom-html-widget\"><div class=\"container\">\n\t\n\t<h4 style=\"font-weight:400;\"><i class=\"fa fa-envelope\" aria-hidden=\"true\"><\/i> Abertura de chamados por e-mail<\/h4>\n\t<p>Facilite o processo de abertura de chamados disponibilizando um endere\u00e7o de e-mail para receber suas demandas.<\/p>\n\n\t<h4 style=\"font-weight:400;\"><i class=\"fab fa-wpforms\"><\/i> Formul\u00e1rios Din\u00e2micos<\/h4>\n\t<p>Monte o formul\u00e1rio de abertura de acordo com o tipo de demanda e seja muito mais assertivo.<\/p>\n\n\t\n\t<h4 style=\"font-weight:400;\"><i class=\"fas fa-pencil-ruler\"><\/i> Campos customizados com m\u00e1scaras personalizadas<\/h4>\n\t<p>Crie os campos que voc\u00ea precisa e defina m\u00e1scaras de preenchimento para garantir a consist\u00eancia das informa\u00e7\u00f5es recebidas.<\/p>\n\t\n\t<h4 style=\"font-weight:400;\"><i class=\"fas fa-thumbs-up\" ><\/i> Aprova\u00e7\u00e3o\/rejei\u00e7\u00e3o e avalia\u00e7\u00e3o dos atendimentos<\/h4>\n\t<p>Gerenciamento e mensura\u00e7\u00e3o da qualidade do servi\u00e7o prestado.<\/p>\n\t\n\t<h4 style=\"font-weight:400;\"><i class=\"fas fa-stream\" ><\/i> \u00c1rvore de Chamados<\/h4>\n\t<p>Crie agrupamentos diversos e visualize seus chamados de uma forma hierarquicamente intuitiva e organizada.<\/p>\n\n\t<h4 style=\"font-weight:400;\"><i class=\"fa fa-calendar\" ><\/i> Calend\u00e1rio de Chamados<\/h4>\n\t<p>Tenha uma vis\u00e3o abrangente sobre chamados agendados e demandas por data.<\/p>\n\t\n\t<h4 style=\"font-weight:400;\"><i class=\"fas fa-align-justify\" ><\/i> Gerenciamento de filas de atendimento<\/h4>\n\t<p>Distribua seus chamados em diversas filas com caracter\u00edsticas espec\u00edficas, facilitando a organiza\u00e7\u00e3o das suas \u00e1reas de atendimento.<\/p>\n\n\n\n<\/div><\/div><\/div><\/div><div id=\"pgc-w64393b4829e93-0-1\"  class=\"panel-grid-cell\" ><div id=\"panel-w64393b4829e93-0-1-0\" class=\"widget_text so-panel widget widget_custom_html panel-first-child panel-last-child\" data-index=\"1\" ><div class=\"textwidget custom-html-widget\"><div class=\"container\">\n\t\n\n\t<h4 style=\"font-weight:400;\"><i class=\"fas fa-tachometer-alt\"><\/i> Painel de Controle<\/h4>\n\t<p>Um dashboard completo com muitas informa\u00e7\u00f5es relevantes sobre suas demandas.<\/p>\n\n\t<h4 style=\"font-weight:400;\"><i class=\"fas fa-hashtag\"><\/i> Sistema de r\u00f3tulos (tags) para chamados<\/h4>\n\t<p>Defina quantos r\u00f3tulos desejar e encontre seus chamados de uma forma f\u00e1cil.<\/p>\n\n\t<h4 style=\"font-weight:400;\"><i class=\"fas fa-stopwatch\"><\/i> Paradas de Rel\u00f3gio<\/h4>\n\t<p>Capacidade de parar a contagem do tempo em fun\u00e7\u00e3o de caracter\u00edsticas como jornadas de trabalho e status espec\u00edficos.<\/p>\n\t\n\t<h4 style=\"font-weight:400;\"><i class=\"fas fa-filter\"><\/i> Filtro Avan\u00e7ado<\/h4>\n\t<p>Encontre e exporte com facilidade ocorr\u00eancias espec\u00edficas com base em praticamente qualquer caracter\u00edstica.<\/p>\n\t\n\t\t<h4 style=\"font-weight:400;\"><i class=\"fas fa-business-time\"><\/i> Jornadas de Trabalho<\/h4>\n\t<p>Defina as jornadas de trabalho de suas equipes e tenha um controle de tempo aprimorado para seus atendimentos.<\/p>\n\t\n\t\t<h4 style=\"font-weight:400;\"><i class=\"fas fa-boxes\"><\/i> M\u00f3dulo de Invent\u00e1rio Vers\u00e1til<\/h4>\n\t<p>Cadastre e gerencie qualquer tivo de bem dur\u00e1vel e integre com seus chamados.<\/p>\n\n\t<h4 style=\"font-weight:400;\"><i class=\"fas fa-chart-line\"><\/i> Relat\u00f3rios diversos<\/h4>\n\t<p>Tenha em m\u00e3os as informa\u00e7\u00f5es que ir\u00e3o apoiar suas decis\u00f5es <\/p>\n\t\n\t<h4 style=\"font-weight:400;\"><i class=\"fas fa-plus\"><\/i> E muito mais..<\/h4>\n\t<p>Controle de SLAs, filas de e-amails, API para integra\u00e7\u00e3o, roteiros de atendimento, sub-chamados, etc... <\/p>\n\n<\/div><\/div><\/div><\/div><\/div><\/div><\/div><\/div><\/div><\/div><div id=\"pg-690-3\"  class=\"panel-grid panel-has-style\" ><div class=\"siteorigin-panels-stretch panel-row-style panel-row-style-for-690-3\" id=\"blog\" data-stretch-type=\"full\" ><div id=\"pgc-690-3-0\"  class=\"panel-grid-cell\" ><div id=\"panel-690-3-0-0\" class=\"so-panel widget widget_themegrill_flash_heading tg-widget section-title-wrapper panel-first-child\" data-index=\"4\" >\t<h3 class=\"section-title\">NOT\u00cdCIAS RECENTES<\/h3>\n<\/div><div id=\"panel-690-3-0-1\" class=\"so-panel widget widget_themegrill_flash_blog tg-widget blog-section\" data-index=\"5\" >\n<div class=\"blog-wrapper tg-column-wrapper tg-blog-widget-layout-2\">\n\t\t<div class=\"tg-blog-widget tg-column-3\">\n\t\t\t\t<div class=\"post-image \">\n\t\t\t<figure><a href=\"https:\/\/ocomon.com.br\/site\/refatoracao-da-versao-6\/\" title=\"Refatora\u00e7\u00e3o da vers\u00e3o 6\"><img loading=\"lazy\" decoding=\"async\" width=\"370\" height=\"270\" src=\"https:\/\/ocomon.com.br\/site\/wp-content\/uploads\/2026\/04\/glenn-carstens-peters-npxXWgQ33ZQ-unsplash-370x270.jpg\" class=\"attachment-flash-grid size-flash-grid wp-post-image\" alt=\"\" \/><\/a><\/figure>\t\t\t<span class=\"entry-date\">\n\t\t\t\t<i class=\"fa fa-clock-o\"><\/i><a href=\"https:\/\/ocomon.com.br\/site\/refatoracao-da-versao-6\/\" rel=\"bookmark\">9 de abril de 2026<\/a>\n\t\t\t<\/span>\n\t\t\t\t\t<\/div>\n\t\t<div class=\"blog-content\">\n\t\t\t<h3 class=\"entry-title\"><a href=\"https:\/\/ocomon.com.br\/site\/refatoracao-da-versao-6\/\">Refatora\u00e7\u00e3o da vers\u00e3o 6<\/a><\/h3>\n\t\t\t\t\t\t<div class=\"entry-summary\">\n\t\t\t\t<p>Fala pessoal, tudo bem? Como j\u00e1 faz um bom tempo desde a postagem anterior, resolvi aparecer por aqui para deix\u00e1-los [&hellip;]<\/p>\n\t\t\t<\/div>\n\t\t\t\t\t\t<div class=\"read-more-container\">\n\t\t\t\t<span class=\"entry-author\">\n\t\t\t\t\t<i class=\"fa fa-user\"><\/i><a class=\"url fn n\" href=\"https:\/\/ocomon.com.br\/site\/author\/flavio-ribeiro\/\">flavio.ribeiro<\/a>\n\t\t\t\t<\/span>\n\t\t\t\t<div class=\"read-more\">\n\t\t\t\t\t<a href=\"https:\/\/ocomon.com.br\/site\/refatoracao-da-versao-6\/\">Read More<\/a>\n\t\t\t\t<\/div>\n\t\t\t<\/div>\n\t\t\t\t\t<\/div>\n\t<\/div>\n\t\t<div class=\"tg-blog-widget tg-column-3\">\n\t\t\t\t<div class=\"post-image \">\n\t\t\t<figure><a href=\"https:\/\/ocomon.com.br\/site\/atualizacao-6-3-1\/\" title=\"Atualiza\u00e7\u00e3o 6.3.1\"><img loading=\"lazy\" decoding=\"async\" width=\"370\" height=\"270\" src=\"https:\/\/ocomon.com.br\/site\/wp-content\/uploads\/2025\/08\/pexels-kampus-6684752-370x270.jpg\" class=\"attachment-flash-grid size-flash-grid wp-post-image\" alt=\"\" \/><\/a><\/figure>\t\t\t<span class=\"entry-date\">\n\t\t\t\t<i class=\"fa fa-clock-o\"><\/i><a href=\"https:\/\/ocomon.com.br\/site\/atualizacao-6-3-1\/\" rel=\"bookmark\">4 de agosto de 2025<\/a>\n\t\t\t<\/span>\n\t\t\t\t\t<\/div>\n\t\t<div class=\"blog-content\">\n\t\t\t<h3 class=\"entry-title\"><a href=\"https:\/\/ocomon.com.br\/site\/atualizacao-6-3-1\/\">Atualiza\u00e7\u00e3o 6.3.1<\/a><\/h3>\n\t\t\t\t\t\t<div class=\"entry-summary\">\n\t\t\t\t<p>Fala pessoal, tudo bem? Vers\u00e3o de manuten\u00e7\u00e3o liberada, 6.3.1. Essa vers\u00e3o traz apenas corre\u00e7\u00f5es de bugs identificados nas \u00faltimas semanas. [&hellip;]<\/p>\n\t\t\t<\/div>\n\t\t\t\t\t\t<div class=\"read-more-container\">\n\t\t\t\t<span class=\"entry-author\">\n\t\t\t\t\t<i class=\"fa fa-user\"><\/i><a class=\"url fn n\" href=\"https:\/\/ocomon.com.br\/site\/author\/flavio-ribeiro\/\">flavio.ribeiro<\/a>\n\t\t\t\t<\/span>\n\t\t\t\t<div class=\"read-more\">\n\t\t\t\t\t<a href=\"https:\/\/ocomon.com.br\/site\/atualizacao-6-3-1\/\">Read More<\/a>\n\t\t\t\t<\/div>\n\t\t\t<\/div>\n\t\t\t\t\t<\/div>\n\t<\/div>\n\t\t<div class=\"tg-blog-widget tg-column-3\">\n\t\t\t\t<div class=\"post-image \">\n\t\t\t<figure><a href=\"https:\/\/ocomon.com.br\/site\/lancada-a-versao-6-3\/\" title=\"Lan\u00e7ada a vers\u00e3o 6.3\"><img loading=\"lazy\" decoding=\"async\" width=\"370\" height=\"270\" src=\"https:\/\/ocomon.com.br\/site\/wp-content\/uploads\/2025\/06\/pexels-kseniachernaya-5691503-370x270.jpg\" class=\"attachment-flash-grid size-flash-grid wp-post-image\" alt=\"\" \/><\/a><\/figure>\t\t\t<span class=\"entry-date\">\n\t\t\t\t<i class=\"fa fa-clock-o\"><\/i><a href=\"https:\/\/ocomon.com.br\/site\/lancada-a-versao-6-3\/\" rel=\"bookmark\">26 de junho de 2025<\/a>\n\t\t\t<\/span>\n\t\t\t\t\t<\/div>\n\t\t<div class=\"blog-content\">\n\t\t\t<h3 class=\"entry-title\"><a href=\"https:\/\/ocomon.com.br\/site\/lancada-a-versao-6-3\/\">Lan\u00e7ada a vers\u00e3o 6.3<\/a><\/h3>\n\t\t\t\t\t\t<div class=\"entry-summary\">\n\t\t\t\t<p>Fala pessoal, tudo bem? A vers\u00e3o 6.3 do OcoMon j\u00e1 est\u00e1 dispon\u00edvel! Foi passado um &#8220;pente fino&#8221; em diversas \u00e1reas [&hellip;]<\/p>\n\t\t\t<\/div>\n\t\t\t\t\t\t<div class=\"read-more-container\">\n\t\t\t\t<span class=\"entry-author\">\n\t\t\t\t\t<i class=\"fa fa-user\"><\/i><a class=\"url fn n\" href=\"https:\/\/ocomon.com.br\/site\/author\/flavio-ribeiro\/\">flavio.ribeiro<\/a>\n\t\t\t\t<\/span>\n\t\t\t\t<div class=\"read-more\">\n\t\t\t\t\t<a href=\"https:\/\/ocomon.com.br\/site\/lancada-a-versao-6-3\/\">Read More<\/a>\n\t\t\t\t<\/div>\n\t\t\t<\/div>\n\t\t\t\t\t<\/div>\n\t<\/div>\n\t<\/div><!-- .blog-wrapper -->\n<\/div><div id=\"panel-690-3-0-2\" class=\"so-panel widget widget_siteorigin-panels-builder panel-last-child\" data-index=\"6\" ><div id=\"pl-w5f06f8c18a6d7\"  class=\"panel-layout\" ><div id=\"pg-w5f06f8c18a6d7-0\"  class=\"panel-grid panel-no-style\" ><div id=\"pgc-w5f06f8c18a6d7-0-0\"  class=\"panel-grid-cell\" ><div id=\"panel-w5f06f8c18a6d7-0-0-0\" class=\"so-panel widget widget_themegrill_flash_cta tg-widget call-to-action-section panel-first-child panel-last-child\" data-index=\"0\" ><div class=\"cta-wrapper call-to-action-section-layout-1\">\n\t<div class=\"section-title-wrapper\">\n\t\t\t<\/div>\n\t\t<div class=\"btn-wrapper\">\n\t\t\t\t<a class=\"btn\" href=\"https:\/\/ocomon.com.br\/site\/noticias\">TODAS NOT\u00cdCIAS<\/a>\n\t\t\t\t\t<\/div>\n\t<\/div>\n<\/div><\/div><\/div><\/div><\/div><\/div><\/div><\/div><\/div>","protected":false},"excerpt":{"rendered":"","protected":false},"author":1,"featured_media":0,"parent":0,"menu_order":0,"comment_status":"closed","ping_status":"closed","template":"page-templates\/pagebuilder.php","meta":{"_bbp_topic_count":0,"_bbp_reply_count":0,"_bbp_total_topic_count":0,"_bbp_total_reply_count":0,"_bbp_voice_count":0,"_bbp_anonymous_reply_count":0,"_bbp_topic_count_hidden":0,"_bbp_reply_count_hidden":0,"_bbp_forum_subforum_count":0,"footnotes":""},"class_list":["post-690","page","type-page","status-publish","hentry"],"_links":{"self":[{"href":"https:\/\/ocomon.com.br\/site\/wp-json\/wp\/v2\/pages\/690","targetHints":{"allow":["GET"]}}],"collection":[{"href":"https:\/\/ocomon.com.br\/site\/wp-json\/wp\/v2\/pages"}],"about":[{"href":"https:\/\/ocomon.com.br\/site\/wp-json\/wp\/v2\/types\/page"}],"author":[{"embeddable":true,"href":"https:\/\/ocomon.com.br\/site\/wp-json\/wp\/v2\/users\/1"}],"replies":[{"embeddable":true,"href":"https:\/\/ocomon.com.br\/site\/wp-json\/wp\/v2\/comments?post=690"}],"version-history":[{"count":254,"href":"https:\/\/ocomon.com.br\/site\/wp-json\/wp\/v2\/pages\/690\/revisions"}],"predecessor-version":[{"id":2188,"href":"https:\/\/ocomon.com.br\/site\/wp-json\/wp\/v2\/pages\/690\/revisions\/2188"}],"wp:attachment":[{"href":"https:\/\/ocomon.com.br\/site\/wp-json\/wp\/v2\/media?parent=690"}],"curies":[{"name":"wp","href":"https:\/\/api.w.org\/{rel}","templated":true}]}}