{"id":1119,"date":"2020-06-19T13:59:10","date_gmt":"2020-06-19T16:59:10","guid":{"rendered":"https:\/\/ocomon.com.br\/site\/?page_id=1119"},"modified":"2020-06-19T14:02:14","modified_gmt":"2020-06-19T17:02:14","slug":"manual-areas-configuracao","status":"publish","type":"page","link":"https:\/\/ocomon.com.br\/site\/manual-areas-configuracao\/","title":{"rendered":"Manual: Admin: \u00c1reas &#8211; Configura\u00e7\u00e3o"},"content":{"rendered":"<div id=\"pl-1119\"  class=\"panel-layout\" ><div id=\"pg-1119-0\"  class=\"panel-grid panel-no-style\" ><div id=\"pgc-1119-0-0\"  class=\"panel-grid-cell\" ><div id=\"panel-1119-0-0-0\" class=\"widget_text so-panel widget widget_custom_html panel-first-child panel-last-child\" data-index=\"0\" ><div class=\"textwidget custom-html-widget\"><html>\n  <head>\n    <title>ocomonphp &raquo; \u00c1reas - Configura\u00e7\u00e3o<\/title>\n    <link rel=\"stylesheet\" href=\"static\/style.css\" type=\"text\/css\" \/>\n    <meta http-equiv=\"Content-Type\" content=\"text\/html;charset=UTF-8\">\n  <\/head>\n  <body>\n    <div class=\"wiki\" id=\"content_view\" style=\"display: block;\">\n<strong>In\u00edcio<\/strong> (Admin -&gt; Ocorr\u00eancias -&gt; \u00c1reas - Configura\u00e7\u00e3o)<br \/>\n<br \/>\nNessa tela \u00e9 poss\u00edvel definir o relacionamento entre as \u00e1reas (abertura de chamados entre si), ou seja, \u00e9 poss\u00edvel definir para cada \u00e1rea de atendimento, quais as demais \u00e1reas podem lhe abrir chamados.<br \/>\n<br \/>\nEx: A \u00e1rea de suporte n\u00edvel 1 s\u00f3 pode abrir chamados para si mesma e para a \u00e1rea de suporte n\u00edvel 2. A \u00e1rea de usu\u00e1rios \"somente-abertura\" s\u00f3 pode abrir chamados para a \u00e1rea de suporte n\u00edvel 1.<br \/>\n<br \/>\n<br \/>\n<img decoding=\"async\" src=\"..\/files\/areas-config-01.png\" alt=\"areas-config-01.png\" title=\"areas-config-01.png\"\/><br \/>\n<em>Exemplo de configura\u00e7\u00e3o de relacionamento entre \u00e1reas de atendimento - vers\u00e3o 2.0rc6<\/em>\n    <\/div>\n  <br\/><a href=\"..\/manual\">&lt;&lt; Voltar para o \u00edndice do manual<\/a><\/body>\n<\/html><\/div><\/div><\/div><\/div><\/div>","protected":false},"excerpt":{"rendered":"<p>ocomonphp &raquo; \u00c1reas &#8211; Configura\u00e7\u00e3o In\u00edcio (Admin -&gt; Ocorr\u00eancias -&gt; \u00c1reas &#8211; Configura\u00e7\u00e3o) Nessa tela \u00e9 poss\u00edvel definir o relacionamento [&hellip;]<\/p>\n","protected":false},"author":1,"featured_media":0,"parent":0,"menu_order":0,"comment_status":"closed","ping_status":"closed","template":"page-templates\/full-width.php","meta":{"_bbp_topic_count":0,"_bbp_reply_count":0,"_bbp_total_topic_count":0,"_bbp_total_reply_count":0,"_bbp_voice_count":0,"_bbp_anonymous_reply_count":0,"_bbp_topic_count_hidden":0,"_bbp_reply_count_hidden":0,"_bbp_forum_subforum_count":0,"footnotes":""},"class_list":["post-1119","page","type-page","status-publish","hentry"],"_links":{"self":[{"href":"https:\/\/ocomon.com.br\/site\/wp-json\/wp\/v2\/pages\/1119","targetHints":{"allow":["GET"]}}],"collection":[{"href":"https:\/\/ocomon.com.br\/site\/wp-json\/wp\/v2\/pages"}],"about":[{"href":"https:\/\/ocomon.com.br\/site\/wp-json\/wp\/v2\/types\/page"}],"author":[{"embeddable":true,"href":"https:\/\/ocomon.com.br\/site\/wp-json\/wp\/v2\/users\/1"}],"replies":[{"embeddable":true,"href":"https:\/\/ocomon.com.br\/site\/wp-json\/wp\/v2\/comments?post=1119"}],"version-history":[{"count":6,"href":"https:\/\/ocomon.com.br\/site\/wp-json\/wp\/v2\/pages\/1119\/revisions"}],"predecessor-version":[{"id":1125,"href":"https:\/\/ocomon.com.br\/site\/wp-json\/wp\/v2\/pages\/1119\/revisions\/1125"}],"wp:attachment":[{"href":"https:\/\/ocomon.com.br\/site\/wp-json\/wp\/v2\/media?parent=1119"}],"curies":[{"name":"wp","href":"https:\/\/api.w.org\/{rel}","templated":true}]}}