{"id":1106,"date":"2020-06-19T10:40:40","date_gmt":"2020-06-19T13:40:40","guid":{"rendered":"https:\/\/ocomon.com.br\/site\/?page_id=1106"},"modified":"2020-06-19T10:40:40","modified_gmt":"2020-06-19T13:40:40","slug":"manual-centro-custo","status":"publish","type":"page","link":"https:\/\/ocomon.com.br\/site\/manual-centro-custo\/","title":{"rendered":"Manual: Admin: Centros de Custo"},"content":{"rendered":"<div id=\"pl-1106\"  class=\"panel-layout\" ><div id=\"pg-1106-0\"  class=\"panel-grid panel-no-style\" ><div id=\"pgc-1106-0-0\"  class=\"panel-grid-cell\" ><div id=\"panel-1106-0-0-0\" class=\"widget_text so-panel widget widget_custom_html panel-first-child panel-last-child\" data-index=\"0\" ><div class=\"textwidget custom-html-widget\"><html>\n  <head>\n    <title>ocomonphp &raquo; centro-custo<\/title>\n    <link rel=\"stylesheet\" href=\"static\/style.css\" type=\"text\/css\" \/>\n    <meta http-equiv=\"Content-Type\" content=\"text\/html;charset=UTF-8\">\n  <\/head>\n  <body>\n    <div class=\"wiki\" id=\"content_view\" style=\"display: block;\">\n<strong>Centros de Custo<\/strong> (Admin -&gt; Centros de Custo)<br \/>\n<br \/>\nCentro de custo \u00e9 um identificador cont\u00e1bil do departamento propriet\u00e1rio do equipamento.<br \/>\n<br \/>\nO OcoMon permite que se cadastre os Centros de custos em sua pr\u00f3pria base ou acesse essas informa\u00e7\u00f5es de alguma outra base desde que esta seja em MySQL. Para isso, \u00e9 necess\u00e1rio configurar o arquivo de configura\u00e7\u00f5es do OcoMon (ocomon\/includes\/config.inc.php).\n    <\/div>\n  <br\/><a href=\"..\/manual\">&lt;&lt; Voltar para o \u00edndice do manual<\/a><\/body>\n<\/html><\/div><\/div><\/div><\/div><\/div>","protected":false},"excerpt":{"rendered":"<p>ocomonphp &raquo; centro-custo Centros de Custo (Admin -&gt; Centros de Custo) Centro de custo \u00e9 um identificador cont\u00e1bil do departamento [&hellip;]<\/p>\n","protected":false},"author":1,"featured_media":0,"parent":0,"menu_order":0,"comment_status":"closed","ping_status":"closed","template":"page-templates\/full-width.php","meta":{"_bbp_topic_count":0,"_bbp_reply_count":0,"_bbp_total_topic_count":0,"_bbp_total_reply_count":0,"_bbp_voice_count":0,"_bbp_anonymous_reply_count":0,"_bbp_topic_count_hidden":0,"_bbp_reply_count_hidden":0,"_bbp_forum_subforum_count":0,"footnotes":""},"class_list":["post-1106","page","type-page","status-publish","hentry"],"_links":{"self":[{"href":"https:\/\/ocomon.com.br\/site\/wp-json\/wp\/v2\/pages\/1106","targetHints":{"allow":["GET"]}}],"collection":[{"href":"https:\/\/ocomon.com.br\/site\/wp-json\/wp\/v2\/pages"}],"about":[{"href":"https:\/\/ocomon.com.br\/site\/wp-json\/wp\/v2\/types\/page"}],"author":[{"embeddable":true,"href":"https:\/\/ocomon.com.br\/site\/wp-json\/wp\/v2\/users\/1"}],"replies":[{"embeddable":true,"href":"https:\/\/ocomon.com.br\/site\/wp-json\/wp\/v2\/comments?post=1106"}],"version-history":[{"count":2,"href":"https:\/\/ocomon.com.br\/site\/wp-json\/wp\/v2\/pages\/1106\/revisions"}],"predecessor-version":[{"id":1108,"href":"https:\/\/ocomon.com.br\/site\/wp-json\/wp\/v2\/pages\/1106\/revisions\/1108"}],"wp:attachment":[{"href":"https:\/\/ocomon.com.br\/site\/wp-json\/wp\/v2\/media?parent=1106"}],"curies":[{"name":"wp","href":"https:\/\/api.w.org\/{rel}","templated":true}]}}