{"id":1036,"date":"2020-06-19T09:59:37","date_gmt":"2020-06-19T12:59:37","guid":{"rendered":"https:\/\/ocomon.com.br\/site\/?page_id=1036"},"modified":"2020-06-19T09:59:37","modified_gmt":"2020-06-19T12:59:37","slug":"manual-admin-perfis","status":"publish","type":"page","link":"https:\/\/ocomon.com.br\/site\/manual-admin-perfis\/","title":{"rendered":"Manual: Perfis de Tela de Abertura"},"content":{"rendered":"<div id=\"pl-1036\"  class=\"panel-layout\" ><div id=\"pg-1036-0\"  class=\"panel-grid panel-no-style\" ><div id=\"pgc-1036-0-0\"  class=\"panel-grid-cell\" ><div id=\"panel-1036-0-0-0\" class=\"widget_text so-panel widget widget_custom_html panel-first-child panel-last-child\" data-index=\"0\" ><div class=\"textwidget custom-html-widget\"><html>\n  <head>\n    <title>ocomonphp &raquo; admin-perfis<\/title>\n    <link rel=\"stylesheet\" href=\"static\/style.css\" type=\"text\/css\" \/>\n    <meta http-equiv=\"Content-Type\" content=\"text\/html;charset=UTF-8\">\n  <\/head>\n  <body>\n    <div class=\"wiki\" id=\"content_view\" style=\"display: block;\">\n<strong>Menu Admin -&gt; Configura\u00e7\u00f5es -&gt; Perfis de tela de abertura<\/strong><br \/>\n<br \/>\nA partir da vers\u00e3o <strong>2.0RC4<\/strong> \u00e9 poss\u00edvel criar diversos perfis de telas de abertura de chamado. Um perfil de tela de abertura nada mais \u00e9 do que um conjunto de defini\u00e7\u00f5es sobre quais campos ser\u00e3o vis\u00edveis na tela de abertura e para qual \u00e1rea de atendimento ser\u00e3o direcionados os chamados abertos por seus usu\u00e1rios quando o campo &quot;\u00c1rea de atendimento&quot; n\u00e3o fizer parte dos campos vis\u00edveis do perfil relacionado. \u00c9 a customiza\u00e7\u00e3o da tela de abertura de chamados em fun\u00e7\u00e3o de cada \u00e1rea de atendimento.<br \/>\n<br \/>\nPara a cria\u00e7\u00e3o e edi\u00e7\u00e3o de um perfil basta acessar o menu Admin-&gt;Configura\u00e7\u00f5es-&gt;Perfis de tela de abertura<br \/>\nNa tela citada n\u00e3o \u00e9 poss\u00edvel associar as \u00e1reas de atendimento a cada perfil, para isso, \u00e9 necess\u00e1rio acessar o menu de administra\u00e7\u00e3o de \u00e1reas de atendimento em: Admin-&gt;Ocorr\u00eancias-&gt;<a class=\"wiki_link\" href=\"..\/manual-areas\">\u00c1reas<\/a><br \/>\n<br \/>\nUm perfil pode ser associado a diversas \u00e1reas de atendimento. \u00c1reas de atendimento que n\u00e3o forem associadas \u00e0 um perfil espec\u00edfico ter\u00e3o a tela de abertura completa, com todos os campos dispon\u00edveis.\n    <\/div>\n  <br\/><a href=\"..\/manual\">&lt;&lt; Voltar para o \u00edndice do manual<\/a><\/body>\n<\/html><\/div><\/div><\/div><\/div><\/div>","protected":false},"excerpt":{"rendered":"<p>ocomonphp &raquo; admin-perfis Menu Admin -&gt; Configura\u00e7\u00f5es -&gt; Perfis de tela de abertura A partir da vers\u00e3o 2.0RC4 \u00e9 poss\u00edvel [&hellip;]<\/p>\n","protected":false},"author":1,"featured_media":0,"parent":0,"menu_order":0,"comment_status":"closed","ping_status":"closed","template":"page-templates\/full-width.php","meta":{"_bbp_topic_count":0,"_bbp_reply_count":0,"_bbp_total_topic_count":0,"_bbp_total_reply_count":0,"_bbp_voice_count":0,"_bbp_anonymous_reply_count":0,"_bbp_topic_count_hidden":0,"_bbp_reply_count_hidden":0,"_bbp_forum_subforum_count":0,"footnotes":""},"class_list":["post-1036","page","type-page","status-publish","hentry"],"_links":{"self":[{"href":"https:\/\/ocomon.com.br\/site\/wp-json\/wp\/v2\/pages\/1036","targetHints":{"allow":["GET"]}}],"collection":[{"href":"https:\/\/ocomon.com.br\/site\/wp-json\/wp\/v2\/pages"}],"about":[{"href":"https:\/\/ocomon.com.br\/site\/wp-json\/wp\/v2\/types\/page"}],"author":[{"embeddable":true,"href":"https:\/\/ocomon.com.br\/site\/wp-json\/wp\/v2\/users\/1"}],"replies":[{"embeddable":true,"href":"https:\/\/ocomon.com.br\/site\/wp-json\/wp\/v2\/comments?post=1036"}],"version-history":[{"count":2,"href":"https:\/\/ocomon.com.br\/site\/wp-json\/wp\/v2\/pages\/1036\/revisions"}],"predecessor-version":[{"id":1038,"href":"https:\/\/ocomon.com.br\/site\/wp-json\/wp\/v2\/pages\/1036\/revisions\/1038"}],"wp:attachment":[{"href":"https:\/\/ocomon.com.br\/site\/wp-json\/wp\/v2\/media?parent=1036"}],"curies":[{"name":"wp","href":"https:\/\/api.w.org\/{rel}","templated":true}]}}