{"id":1019,"date":"2020-06-19T09:48:34","date_gmt":"2020-06-19T12:48:34","guid":{"rendered":"https:\/\/ocomon.com.br\/site\/?page_id=1019"},"modified":"2020-06-19T09:49:37","modified_gmt":"2020-06-19T12:49:37","slug":"manual-historico-localizacao","status":"publish","type":"page","link":"https:\/\/ocomon.com.br\/site\/manual-historico-localizacao\/","title":{"rendered":"Manual: Hist\u00f3rico por Localiza\u00e7\u00e3o Anterior"},"content":{"rendered":"<div id=\"pl-1019\"  class=\"panel-layout\" ><div id=\"pg-1019-0\"  class=\"panel-grid panel-no-style\" ><div id=\"pgc-1019-0-0\"  class=\"panel-grid-cell\" ><div id=\"panel-1019-0-0-0\" class=\"widget_text so-panel widget widget_custom_html panel-first-child panel-last-child\" data-index=\"0\" ><div class=\"textwidget custom-html-widget\"><html>\n  <head>\n    <title>ocomonphp &raquo; historico-localizacao<\/title>\n    <link rel=\"stylesheet\" href=\"static\/style.css\" type=\"text\/css\" \/>\n    <meta http-equiv=\"Content-Type\" content=\"text\/html;charset=UTF-8\">\n  <\/head>\n  <body>\n    <div class=\"wiki\" id=\"content_view\" style=\"display: block;\">\n<strong>Consultar hist\u00f3rico por localiza\u00e7\u00e3o anterior<\/strong> (Invent\u00e1rio -&gt; Consultar -&gt; Hist\u00f3rico -&gt; Por localiza\u00e7\u00e3o anterior)<br \/>\n<br \/>\nAtrav\u00e9s dessa tela \u00e9 poss\u00edvel buscar por equipamentos que j\u00e1 estiveram em um dado setor\/departamento\/local mas n\u00e3o permanecem no mesmo. Desta forma \u00e9 poss\u00edvel rastrear equipamentos em fun\u00e7\u00e3o da sua localiza\u00e7\u00e3o anterior.\n    <\/div>\n  <br\/><a href=\"..\/manual\">&lt;&lt; Voltar para o \u00edndice do manual<\/a><\/body>\n<\/html><\/div><\/div><\/div><\/div><\/div>","protected":false},"excerpt":{"rendered":"<p>ocomonphp &raquo; historico-localizacao Consultar hist\u00f3rico por localiza\u00e7\u00e3o anterior (Invent\u00e1rio -&gt; Consultar -&gt; Hist\u00f3rico -&gt; Por localiza\u00e7\u00e3o anterior) Atrav\u00e9s dessa tela [&hellip;]<\/p>\n","protected":false},"author":1,"featured_media":0,"parent":0,"menu_order":0,"comment_status":"closed","ping_status":"closed","template":"page-templates\/full-width.php","meta":{"_bbp_topic_count":0,"_bbp_reply_count":0,"_bbp_total_topic_count":0,"_bbp_total_reply_count":0,"_bbp_voice_count":0,"_bbp_anonymous_reply_count":0,"_bbp_topic_count_hidden":0,"_bbp_reply_count_hidden":0,"_bbp_forum_subforum_count":0,"footnotes":""},"class_list":["post-1019","page","type-page","status-publish","hentry"],"_links":{"self":[{"href":"https:\/\/ocomon.com.br\/site\/wp-json\/wp\/v2\/pages\/1019","targetHints":{"allow":["GET"]}}],"collection":[{"href":"https:\/\/ocomon.com.br\/site\/wp-json\/wp\/v2\/pages"}],"about":[{"href":"https:\/\/ocomon.com.br\/site\/wp-json\/wp\/v2\/types\/page"}],"author":[{"embeddable":true,"href":"https:\/\/ocomon.com.br\/site\/wp-json\/wp\/v2\/users\/1"}],"replies":[{"embeddable":true,"href":"https:\/\/ocomon.com.br\/site\/wp-json\/wp\/v2\/comments?post=1019"}],"version-history":[{"count":5,"href":"https:\/\/ocomon.com.br\/site\/wp-json\/wp\/v2\/pages\/1019\/revisions"}],"predecessor-version":[{"id":1024,"href":"https:\/\/ocomon.com.br\/site\/wp-json\/wp\/v2\/pages\/1019\/revisions\/1024"}],"wp:attachment":[{"href":"https:\/\/ocomon.com.br\/site\/wp-json\/wp\/v2\/media?parent=1019"}],"curies":[{"name":"wp","href":"https:\/\/api.w.org\/{rel}","templated":true}]}}