{"id":1008,"date":"2020-06-19T09:39:30","date_gmt":"2020-06-19T12:39:30","guid":{"rendered":"https:\/\/ocomon.com.br\/site\/?page_id=1008"},"modified":"2020-06-19T09:43:54","modified_gmt":"2020-06-19T12:43:54","slug":"manual-consulta-especial","status":"publish","type":"page","link":"https:\/\/ocomon.com.br\/site\/manual-consulta-especial\/","title":{"rendered":"Manual: Consulta Especial"},"content":{"rendered":"<div id=\"pl-1008\"  class=\"panel-layout\" ><div id=\"pg-1008-0\"  class=\"panel-grid panel-no-style\" ><div id=\"pgc-1008-0-0\"  class=\"panel-grid-cell\" ><div id=\"panel-1008-0-0-0\" class=\"widget_text so-panel widget widget_custom_html panel-first-child panel-last-child\" data-index=\"0\" ><div class=\"textwidget custom-html-widget\"><html>\n  <head>\n    <title>ocomonphp &raquo; consulta-especial<\/title>\n    <link rel=\"stylesheet\" href=\"static\/style.css\" type=\"text\/css\" \/>\n    <meta http-equiv=\"Content-Type\" content=\"text\/html;charset=UTF-8\">\n  <\/head>\n  <body>\n    <div class=\"wiki\" id=\"content_view\" style=\"display: block;\">\n<strong>Consulta especial<\/strong> (Invent\u00e1rio -&gt; Consultar -&gt; Consulta especial)<br \/>\n<br \/>\nA partir dessa tela \u00e9 poss\u00edvel realizar pesquisas por equipamentos utilizando como filtro qualquer campo desejado ou combina\u00e7\u00e3o de diversos campos.<br \/>\n<br \/>\n<img decoding=\"async\" src=\"..\/files\/consulta-especial.png\" alt=\"consulta-especial.png\" title=\"consulta-especial.png\" \/><br \/>\n<em>Tela de consulta detalhada - vers\u00e3o 2.0rc3<\/em><br \/>\n<br \/>\n\u00c9 poss\u00edvel realizar a consulta informando mais de um n\u00famero de <strong>etiqueta<\/strong>. Basta informar os n\u00fameros separando-os por v\u00edrgula.<br \/>\n<br \/>\nE poss\u00edvel selecionar mais de uma <strong>unidade<\/strong> utilizando a tecla CTRL.<br \/>\n<br \/>\nO resultado da pesquisa vem formatado por padr\u00e3o no formato demonstrado na p\u00e1gina <a class=\"wiki_link\" href=\"..\/manual-visualizar-equipamentos\">visualizar equipamentos<\/a>. No entanto, \u00e9 poss\u00edvel selecionar outras formas de exibi\u00e7\u00e3o no campo &quot;<strong>Formato de sa\u00edda<\/strong>&quot;.<br \/>\n<br \/>\n<hr \/>\nAtualmente (at\u00e9 a vers\u00e3o 2.0rc3) os demais formatos trazem as <strong>logomarcas fixadas<\/strong>, no entanto n\u00e3o \u00e9 dif\u00edcil alter\u00e1-las. Para isso basta substituir os logos (arquivos de imagens) que est\u00e3o no diret\u00f3rio de instala\u00e7\u00e3o do OcoMon, na pasta includes\/logos por suas imagens, mantendo o mesmo nome e tamanho (preferencialmente).<br \/>\n<hr \/>\n<br \/>\n<strong><u>Os formatos de sa\u00edda poss\u00edveis (al\u00e9m do formato padr\u00e3o)<\/u><\/strong>:<br \/>\n<br \/>\n<u>Relat\u00f3rio 5 linhas<\/u>: traz informa\u00e7\u00f5es referentes \u00e0 identifica\u00e7\u00e3o do equipamento.<br \/>\n<br \/>\n<u>Relat\u00f3rio 1 linha<\/u>: traz as mesmas informa\u00e7\u00f5es do formato padr\u00e3o e mais o n\u00famero de s\u00e9rie e nota fiscal do equipamento.<br \/>\n<br \/>\n<u>Mantenedora 1 linha<\/u>: idem ao relat\u00f3rio 1 linha com mais a informa\u00e7\u00e3o centro de custo.<br \/>\n<br \/>\n<u>Texto com delimitador<\/u>: traz todas as informa\u00e7\u00f5es de configura\u00e7\u00e3o do equipamento em forma de texto separado por v\u00edrgula. Esse formato \u00e9 \u00fatil para col\u00e1-los em uma planilha por exemplo.<br \/>\n<br \/>\n<u>Configura\u00e7\u00e3o<\/u>: traz toda a configura\u00e7\u00e3o do(s) equipamento(s).<br \/>\n<br \/>\n<u>Termo de compromisso<\/u>: esse formato traz um formul\u00e1rio de termo de compromisso, comum em empresas que possuem um controle mais r\u00edgido sobre quem \u00e9 respons\u00e1vel sobre cada equipamento. Nesse caso o formul\u00e1rio deve ser impresso e assinado pelo respons\u00e1vel pelos equipamentos listados.<br \/>\n<br \/>\n<hr \/>\nO texto exibido no formul\u00e1rio de compromisso \u00e9 o modelo utilizado no Unilasalle. O mesmo deve ser alterado de acordo com as pol\u00edticas da sua organiza\u00e7\u00e3o. Para isso, \u00e9 necess\u00e1rio alterar, no arquivo de idioma utilizado (ocomon\/includes\/languages\/pt_BR.php), as seguintes entradas:<br \/>\n- TTL_CINFO<br \/>\n- TTL_TERM_COMP_HW<br \/>\n- TXT_TERM_COMP_HW<br \/>\n- TXT_TERM_COMP_1<br \/>\n- TTL_TERM_COMP_2<br \/>\n- TXT_TERM_COMP_3<br \/>\n<hr \/>\n<br \/>\n<br \/>\n<u>Formul\u00e1rio de tr\u00e2nsito<\/u>: esse formato traz um formul\u00e1rio espec\u00edfico para movimenta\u00e7\u00f5es de equipamentos para fora da organiza\u00e7\u00e3o.<br \/>\n<br \/>\n<hr \/>\nO texto exibido no formul\u00e1rio de tr\u00e2nsito \u00e9 o modelo utilizado no Unilasalle. O mesmo deve ser alterado de acordo com as pol\u00edticas de sua organiza\u00e7\u00e3o. Para isso, \u00e9 necess\u00e1rio alterar, no arquivo de idioma utilizado (ocomon\/includes\/languages\/pt_BR.php), as seguintes entradas:<br \/>\n- TTL_CINFO<br \/>\n- TTL_FORM_TRANSIT_EQUIP_INFO<br \/>\n- TXT_FORM_TRANSIT_EQUIP_INFO<br \/>\n- TXT_FORM_TRANSIT_1<br \/>\n<hr \/>\n\n    <\/div>\n  <br\/><a href=\"..\/manual\">&lt;&lt; Voltar para o \u00edndice do manual<\/a><\/body>\n<\/html><\/div><\/div><\/div><\/div><\/div>","protected":false},"excerpt":{"rendered":"<p>ocomonphp &raquo; consulta-especial Consulta especial (Invent\u00e1rio -&gt; Consultar -&gt; Consulta especial) A partir dessa tela \u00e9 poss\u00edvel realizar pesquisas por [&hellip;]<\/p>\n","protected":false},"author":1,"featured_media":0,"parent":0,"menu_order":0,"comment_status":"closed","ping_status":"closed","template":"page-templates\/full-width.php","meta":{"_bbp_topic_count":0,"_bbp_reply_count":0,"_bbp_total_topic_count":0,"_bbp_total_reply_count":0,"_bbp_voice_count":0,"_bbp_anonymous_reply_count":0,"_bbp_topic_count_hidden":0,"_bbp_reply_count_hidden":0,"_bbp_forum_subforum_count":0,"footnotes":""},"class_list":["post-1008","page","type-page","status-publish","hentry"],"_links":{"self":[{"href":"https:\/\/ocomon.com.br\/site\/wp-json\/wp\/v2\/pages\/1008","targetHints":{"allow":["GET"]}}],"collection":[{"href":"https:\/\/ocomon.com.br\/site\/wp-json\/wp\/v2\/pages"}],"about":[{"href":"https:\/\/ocomon.com.br\/site\/wp-json\/wp\/v2\/types\/page"}],"author":[{"embeddable":true,"href":"https:\/\/ocomon.com.br\/site\/wp-json\/wp\/v2\/users\/1"}],"replies":[{"embeddable":true,"href":"https:\/\/ocomon.com.br\/site\/wp-json\/wp\/v2\/comments?post=1008"}],"version-history":[{"count":4,"href":"https:\/\/ocomon.com.br\/site\/wp-json\/wp\/v2\/pages\/1008\/revisions"}],"predecessor-version":[{"id":1012,"href":"https:\/\/ocomon.com.br\/site\/wp-json\/wp\/v2\/pages\/1008\/revisions\/1012"}],"wp:attachment":[{"href":"https:\/\/ocomon.com.br\/site\/wp-json\/wp\/v2\/media?parent=1008"}],"curies":[{"name":"wp","href":"https:\/\/api.w.org\/{rel}","templated":true}]}}